{"id":2297,"date":"2020-05-22T10:48:05","date_gmt":"2020-05-22T10:48:05","guid":{"rendered":"https:\/\/ana-hotels.com\/goggl-landsberg\/?page_id=2297"},"modified":"2022-07-26T13:23:17","modified_gmt":"2022-07-26T13:23:17","slug":"faq","status":"publish","type":"page","link":"https:\/\/ana-hotels.com\/goggl-landsberg\/faq\/","title":{"rendered":"FAQ"},"content":{"rendered":"","protected":false},"excerpt":{"rendered":"","protected":false},"author":17,"featured_media":0,"parent":0,"menu_order":0,"comment_status":"closed","ping_status":"closed","template":"","meta":[],"folder":[],"yst_prominent_words":[],"acf":[],"yoast_head":"<!-- This site is optimized with the Yoast SEO Premium plugin v14.3 - https:\/\/yoast.com\/wordpress\/plugins\/seo\/ -->\n<title>Hotel in Landsberg am Lech, Arthotel ANA: FAQ<\/title>\n<meta name=\"description\" content=\"Wir freuen uns Sie im Arthotel ANA Goggl, unserem Hotel in Landsberg am Lech begr\u00fc\u00dfen zu d\u00fcrfen! Antworten auf die meisten Fragen unserer G\u00e4ste finden Sie in unserer FAQ.\" \/>\n<meta name=\"robots\" content=\"index, follow\" \/>\n<meta name=\"googlebot\" content=\"index, follow, max-snippet:-1, max-image-preview:large, max-video-preview:-1\" \/>\n<meta name=\"bingbot\" content=\"index, follow, max-snippet:-1, max-image-preview:large, max-video-preview:-1\" \/>\n<link rel=\"canonical\" href=\"https:\/\/ana-hotels.com\/goggl-landsberg\/faq\/\" \/>\n<meta property=\"og:locale\" content=\"de_DE\" \/>\n<meta property=\"og:type\" content=\"article\" \/>\n<meta property=\"og:title\" content=\"Hotel in Landsberg am Lech, Arthotel ANA: FAQ\" \/>\n<meta property=\"og:description\" content=\"Wir freuen uns Sie im Arthotel ANA Goggl, unserem Hotel in Landsberg am Lech begr\u00fc\u00dfen zu d\u00fcrfen! Antworten auf die meisten Fragen unserer G\u00e4ste finden Sie in unserer FAQ.\" \/>\n<meta property=\"og:url\" content=\"https:\/\/ana-hotels.com\/goggl-landsberg\/faq\/\" \/>\n<meta property=\"og:site_name\" content=\"Arthotel ANA I Goggl Landsberg\" \/>\n<meta property=\"article:modified_time\" content=\"2022-07-26T13:23:17+00:00\" \/>\n<meta name=\"twitter:card\" content=\"summary_large_image\" \/>\n<script type=\"application\/ld+json\" class=\"yoast-schema-graph\">{\"@context\":\"https:\/\/schema.org\",\"@graph\":[{\"@type\":\"WebSite\",\"@id\":\"https:\/\/ana-hotels.com\/goggl-landsberg\/#website\",\"url\":\"https:\/\/ana-hotels.com\/goggl-landsberg\/\",\"name\":\"Arthotel ANA I Goggl Landsberg\",\"description\":\"Ihr Zuhause, wenn Sie auf Reisen sind.\",\"potentialAction\":[{\"@type\":\"SearchAction\",\"target\":\"https:\/\/ana-hotels.com\/goggl-landsberg\/?s={search_term_string}\",\"query-input\":\"required name=search_term_string\"}],\"inLanguage\":\"de\"},{\"@type\":\"WebPage\",\"@id\":\"https:\/\/ana-hotels.com\/goggl-landsberg\/faq\/#webpage\",\"url\":\"https:\/\/ana-hotels.com\/goggl-landsberg\/faq\/\",\"name\":\"Hotel in Landsberg am Lech, Arthotel ANA: FAQ\",\"isPartOf\":{\"@id\":\"https:\/\/ana-hotels.com\/goggl-landsberg\/#website\"},\"datePublished\":\"2020-05-22T10:48:05+00:00\",\"dateModified\":\"2022-07-26T13:23:17+00:00\",\"description\":\"Wir freuen uns Sie im Arthotel ANA Goggl, unserem Hotel in Landsberg am Lech begr\\u00fc\\u00dfen zu d\\u00fcrfen! Antworten auf die meisten Fragen unserer G\\u00e4ste finden Sie in unserer FAQ.\",\"inLanguage\":\"de\",\"potentialAction\":[{\"@type\":\"ReadAction\",\"target\":[\"https:\/\/ana-hotels.com\/goggl-landsberg\/faq\/\"]}]}]}<\/script>\n<!-- \/ Yoast SEO Premium plugin. -->","_links":{"self":[{"href":"https:\/\/ana-hotels.com\/goggl-landsberg\/wp-json\/wp\/v2\/pages\/2297"}],"collection":[{"href":"https:\/\/ana-hotels.com\/goggl-landsberg\/wp-json\/wp\/v2\/pages"}],"about":[{"href":"https:\/\/ana-hotels.com\/goggl-landsberg\/wp-json\/wp\/v2\/types\/page"}],"author":[{"embeddable":true,"href":"https:\/\/ana-hotels.com\/goggl-landsberg\/wp-json\/wp\/v2\/users\/17"}],"replies":[{"embeddable":true,"href":"https:\/\/ana-hotels.com\/goggl-landsberg\/wp-json\/wp\/v2\/comments?post=2297"}],"version-history":[{"count":3,"href":"https:\/\/ana-hotels.com\/goggl-landsberg\/wp-json\/wp\/v2\/pages\/2297\/revisions"}],"predecessor-version":[{"id":2509,"href":"https:\/\/ana-hotels.com\/goggl-landsberg\/wp-json\/wp\/v2\/pages\/2297\/revisions\/2509"}],"wp:attachment":[{"href":"https:\/\/ana-hotels.com\/goggl-landsberg\/wp-json\/wp\/v2\/media?parent=2297"}],"wp:term":[{"taxonomy":"folder","embeddable":true,"href":"https:\/\/ana-hotels.com\/goggl-landsberg\/wp-json\/wp\/v2\/folder?post=2297"},{"taxonomy":"yst_prominent_words","embeddable":true,"href":"https:\/\/ana-hotels.com\/goggl-landsberg\/wp-json\/wp\/v2\/yst_prominent_words?post=2297"}],"curies":[{"name":"wp","href":"https:\/\/api.w.org\/{rel}","templated":true}]}}